Convert 508 (base 12) to base 4.
23120
3164 (base 13) to base 6
51402
Convert 212334 (base 6) to base 5.
1024120
1056b (base 12) to base 7
116540
-101000101 (base 2) to base 5
-2300
Convert cdc (base 16) to base 5.
101132
What is 777 (base 11) in base 3?
1021111
Convert 37 (base 14) to base 9.
54
-10100000000111 (base 2) to base 10
-10247
4829 (base 15) to base 13
6c9c
What is -535 (base 6) in base 2?
-11001011
a745 (base 15) to base 13
13154
What is -28022 (base 9) in base 5?
-1101344
What is -480a (base 11) in base 4?
-1202132
What is -80004 (base 9) in base 7?
-306016
-254015 (base 6) to base 16
-597b
Convert -76 (base 9) to base 11.
-63
Convert 102101022 (base 4) to base 12.
37376
Convert 24129 (base 11) to base 6.
424530
What is -230 (base 4) in base 11?
-40
-10233 (base 9) to base 8
-15141
1330000 (base 4) to base 6
100424
What is -de59 (base 16) in base 3?
-2220002012
What is -2d5e (base 15) in base 3?
-111101122
What is -1110010 (base 2) in base 5?
-424
Convert -2310332 (base 4) to base 16.
-2d3e
Convert 1210122 (base 3) to base 12.
915
Convert a43 (base 16) to base 8.
5103
21752 (base 8) to base 2
10001111101010
What is 468 (base 15) in base 3?
1100222
Convert -12012120 (base 3) to base 7.
-14031
Convert -8907 (base 11) to base 9.
-17088
Convert 1380e (base 15) to base 5.
4000224
Convert 682 (base 11) to base 10.
816
What is 3432 (base 6) in base 16?
32c
111011010 (base 2) to base 11
3a1
2502 (base 11) to base 13
1646
2558 (base 9) to base 12
1138
Convert -1233 (base 14) to base 11.
-2432
1e72 (base 16) to base 10
7794
What is 41111 (base 5) in base 11?
1aa5
Convert -10000000100 (base 2) to base 14.
-536
What is -1010010010 (base 2) in base 15?
-2dd
Convert 30432 (base 5) to base 7.
5544
Convert 4213 (base 11) to base 8.
12714
40301 (base 6) to base 5
132133
-3335 (base 7) to base 11
-9a3
What is -26487 (base 9) in base 5?
-1033044
What is -323222 (base 5) in base 6?
-123114
-111122 (base 3) to base 11
-305
4303 (base 10) to base 7
15355
Convert 1005331 (base 6) to base 13.
18a2a
-25a (base 13) to base 12
-2a5
What is -594b (base 12) in base 9?
-14635
Convert -935 (base 10) to base 7.
-2504
What is -1010010000010010 (base 2) in base 7?
-233312
Convert -10000010000001 (base 2) to base 16.
-2081
Convert -10e (base 15) to base 13.
-155
-33077 (base 11) to base 3
-2102211210
What is 300303 (base 4) in base 8?
6063
43410 (base 7) to base 12
6330
-10000110111101 (base 2) to base 13
-3c15
Convert -b8 (base 16) to base 14.
-d2
What is -12022232 (base 4) in base 6?
-312542
Convert 43bd (base 14) to base 6.
130151
-b806 (base 13) to base 15
-786a
Convert -55514 (base 8) to base 9.
-35048
What is -11101100101 (base 2) in base 12?
-1119
Convert -23ac (base 14) to base 7.
-24105
What is 10011111010 (base 2) in base 14?
670
Convert -1336 (base 7) to base 12.
-371
bc5 (base 13) to base 11
1577
1011100020 (base 3) to base 8
54500
What is 1251 (base 9) in base 3?
1021201
What is -673 (base 10) in base 3?
-220221
-100022201 (base 3) to base 11
-5119
What is e1b (base 15) in base 9?
4318
335 (base 6) to base 8
203
What is 397 (base 16) in base 7?
2452
What is -2103 (base 4) in base 9?
-173
What is 2a200 (base 11) in base 2?
1010011101010010
108 (base 15) to base 10
233
What is -1440000 (base 5) in base 16?
-77a1
What is -2013000 (base 4) in base 12?
-5000
What is 1013123 (base 4) in base 3?
20021022
Convert -1544 (base 10) to base 6.
-11052
What is -2568 (base 9) in base 16?
-785
What is 3202000 (base 4) in base 11?
a95a
Convert -13100131 (base 4) to base 12.
-15251
Convert 1220302 (base 4) to base 8.
15062
Convert 4202 (base 5) to base 6.
2320
Convert -3752 (base 13) to base 5.
-222331
What is -5c53 (base 15) in base 7?
-111204
What is -10000100010 (base 2) in base 12?
-742
29dc (base 16) to base 14
3c96
What is 27932 (base 10) in base 9?
42275
Convert -364 (base 15) to base 8.
-1401
Convert -82104 (base 9) to base 14.
-15995
Convert -10648 (base 10) to base 11.
-8000
6650 (base 8) to base 2
110110101000
What is 255b (base 13) in base 7?
21332
Convert -11031200 (base 4) to base 11.
-15044
What is -879c (base 16) in base 12?
-18110
3a4 (base 11) to base 6
2113
What is 1220 (base 14) in base 2?
110001011100
What is 3641 (base 15) in base 7?
45430
7b (base 15) to base 8
164
-2134 (base 13) to base 7
-16300
Convert -5615 (base 11) to base 4.
-1303211
-64 (base 7) to base 13
-37
-110024 (base 6) to base 7
-35332
Convert -9b (base 13) to base 14.
-92
Convert 300 (base 6) to base 10.
108
Convert 362 (base 8) to base 15.
112
2175 (base 8) to base 13
6a5
Convert -6cc (base 13) to base 3.
-1121210
Convert 120261 (base 7) to base 16.
54f6
Convert -5833 (base 9) to base 13.
-1c77
What is 1029 (base 10) in base 13?
612
Convert 30012 (base 4) to base 11.
644
-1085 (base 9) to base 11
-673
Convert 4326 (base 8) to base 11.
1777
21104 (base 5) to base 16
57c
What is 27772 (base 8) in base 9?
17756
What is -10001010110 (base 2) in base 16?
-456
What is -1693 (base 12) in base 3?
-10201010
What is 1670 (base 9) in base 3?
1202100
What is 1023 (base 5) in base 16?
8a
Convert 2b713 (base 12) to base 7.
344211
-132412 (base 5) to base 15
-18c2
Convert 3250 (base 10) to base 4.
302302
Convert -101110111000000 (base 2) to base 14.
-8a64
Convert 24111 (base 5) to base 8.
3365
What is 60400 (base 8) in base 2?
110000100000000
What is -a79 (base 11) in base 15?
-5b6
Convert -40502 (base 6) to base 16.
-14f6
Convert 1bc (base 14) to base 3.
111102
Convert -5335 (base 7) to base 10.
-1888
What is 5166 (base 10) in base 15?
17e6
3641 (base 8) to base 14
9d7
What is 4c99 (base 14) in base 4?
3102113
What is -8b2 (base 14) in base 7?
-5012
2000 (base 7) to base 14
370
521 (base 12) to base 5
10440
What is 101101000 (base 2) in base 10?
360
-355a (base 11) to base 6
-33331
Convert -4240 (base 5) to base 6.
-2350
-111100110111 (base 2) to base 15
-124a
Convert -146 (base 10) to base 12.
-102
4028 (base 16) to base 12
9608
What is -1262 (base 7) in base 15?
-225
What is 45628 (base 11) in base 15?
14835
-1362 (base 12) to base 11
-1751
What is 12616 (base 12) in base 11?
17925
-1758 (base 14) to base 16
-1062
What is -13829 (base 15) in base 9?
-104763
Convert -390 (base 10) to base 15.
-1b0
153306 (base 7) to base 14
ad06
What is 11211002 (base 3) in base 6?
24132
Convert -2c0 (base 14) to base 3.
-202202
Convert -124620 (base 7) to base 13.
-a7a6
Convert -4409 (base 15) to base 8.
-34111
Convert 10103132 (base 4) to base 13.
8042
What is -216e (base 15) in base 3?
-100201012
1201110201 (base 3) to base 15
a087
Convert -110010001010 (base 2) to base 11.
-2459
28801 (base 10) to base 15
8801
What is -a35 (base 13) in base 3?
-2101020
5c4 (base 14) to base 6
5200
What is 2021110 (base 3) in base 14?
867
1220 (base 7) to base 10
455
What is b7b (base 16) in base 2?
101101111011
What is 1010101010 (base 2) in base 5?
10212
4635 (base 13) to base 2
10011001110110
Convert -1420531 (base 6) to base 3.
-11002111101
3554 (base 8) to base 12
1124
Convert -33204 (base 6) to base 14.
-1976
11000010010 (base 2) to base 5
22204
Convert 1157 (base 9) to base 7.
2341
What is -1001 (base 5) in base 2?
-1111110
12911 (base 11) to base 9
27218
Convert -1212021212 (base 3) to base 10.
-36662
-5220 (base 6) to base 12
-810
Convert 2c95 (base 13) to base 3.
22222101
-769 (base 13) to base 16
-4f6
-378 (base 11) to base 10
-448
Convert -22202 (base 5) to base 9.
-2114
What is 10102221 (base 4) in base 16?
44a9
1055 (base 7) to base 6
1435
What is 33a93 (base 11) in base 15?
e8bd
What is -2330 (base 4) in base 16?
-bc
Convert -226 (base 7) to base 12.
-9a
What is 424211 (base 5) in base 8?
33742
-4520 (base 16) to base 3
-220021102
2211211 (base 4) to base 11
7a64
128 (base 10) to base 14
92
110b3 (base 13) to base 3
1120101121
Convert 99 (base 10) to base 11.
90
What is 33 (base 8) in base 14?
1d
967 (base 13) to base 12
b1a
What is 101001011 (base 2) in base 11?
281
What is -3545 (base 8) in base 12?
-1119
-137 (base 12) to base 9
-227
What is -11133 (base 4) in base 5?
-2401
Convert -1c02b (base 13) to base 10.
-54962
1441110 (base 5) to base 9
46200
-3789 (base 11) to base 16
-1349
What is -876 (base 10) in base 4?
-31230
Convert 606 (base 10) to base 6.
2450
Convert 10001122200 (base 3) to base 8.
